et p(i) = -4*i + 1. Let s(k) = 6*k - 3*k - 14*k + 2. Let a(o) = -17*p(o) + 6*s(o). Calculate a(5).
5
Let s = -10 - -4. Let r = 8 + s. Let n(k) = 5*k**3 + k**2 - 3*k + 3. Let o(j) = 14*j**3 + 3*j**2 - 9*j + 9. Let h(c) = 17*n(c) - 6*o(c). Give h(r).
7
Let k = 16 - 8. Suppose 2*v = -2*f - 0*v + k, 3*f - 22 = -5*v. Let l(y) = -9*y - 1. Calculate l(f).
8
Let y(h) = 40*h - 17*h - 21*h. Give y(-7).
-14
Let n be ((-20)/(-25))/((-2)/10). Let j(z) be the third derivative of -5/6*z**3 - 1/4*z**4 + 0*z + z**2 + 0 - 1/60*z**5. Determine j(n).
3
Let k(c) be the third derivative of c**7/2520 - c**6/720 + c**5/15 + c**4/6 + c**2. Let m(g) be the second derivative of k(g). Determine m(0).
8
Let f be 0/(-6)*2/(-4). Let m be -1 - -1 - f/4. Let l(p) = p**2 + 5. Determine l(m).
5
Let f(z) = z**2 - z. Suppose 7 = 5*w - 8. Give f(w).
6
Let b be 15/(-9)*18/(-5). Let u(y) = 2*y - 7. Calculate u(b).
5
Suppose 5*w = -2*q - 3*q + 45, -w + 24 = 4*q. Suppose -y - q + 1 = 0. Let z(j) = -j - 8. Determine z(y).
-4
Let d(t) = t - 2. Let b(n) = -2*n + 3. Let h(g) = 2*b(g) + 5*d(g). What is h(-5)?
-9
Let u(x) = -3*x**2 + 2*x. Let d = 0 + 2. Calculate u(d).
-8
Let k(i) = -i**3 + 6*i**2 - i + 3. Suppose 2 + 8 = -2*h. Let c(s) = 2 + 4*s + 0 - 1 + s**2. Let g be c(h). Calculate k(g).
-3
Let c(d) = 4*d + 2. Suppose -4*o - i - i = -78, 0 = 4*i - 4. Suppose -2*p + 4 - 3 = 3*k, 0 = 3*k - 2*p + o. Let f = -5 - k. Give c(f).
-6
Suppose 2*o - 2 + 10 = 0. Let t(x) = x - 5. Calculate t(o).
-9
Let d(p) be the second derivative of p**5/30 - p**4/6 + p**3/6 - 3*p**2 - 2*p. Let g(q) be the first derivative of d(q). What is g(3)?
7
Let n(v) = v**2 - 15*v - 12. Let x be n(16). Let c(b) = -b - 15 + 4 + x. Give c(0).
-7
Let w = 8 - 2. Let h(g) = 0*g**3 + g**3 - 6 - 2*g**3 + w*g**2. Calculate h(6).
-6
Let o(g) be the second derivative of g**4/12 - g**3 - 5*g**2 - 28*g + 2. Calculate o(7).
-3
Suppose -3*h = 3*d, -d = -5*h - 0*d - 18. Let p(b) = -4*b + 1. Determine p(h).
13
Let t(y) be the third derivative of -y**5/60 - 5*y**4/24 - y**3/6 - 43*y**2. What is t(-6)?
-7
Let q = 8 + -6. Let j(d) = d**2 - d. Let y(i) = i**2 - 2*i. Let s(t) = -2*j(t) + y(t). Let m be s(q). Let w(a) = -a - 2. Calculate w(m).
2
Let i(d) = 2*d + 6. Let s = -15 - -18. Let r = 9 + -5. Suppose -24 = s*k + 4*a, 4*k - 3*a + r = -3. Calculate i(k).
-2
Let z(a) = 7*a**2 - 21*a - 10. Let q(d) = -3*d**2 + 10*d + 5. Let l be (1/(-1) - -2)*4. Suppose -3*x = -2*x + l. Let s(y) = x*z(y) - 9*q(y). What is s(-5)?
0
Let m(r) = 6*r**2 - 1. Let y(g) = -g**3 - 4*g**2 - 2*g + 2. Let f be y(-3). Determine m(f).
5
Let h(b) be the second derivative of -b**5/20 - b**4/2 - 2*b**3/3 + 2*b**2 + b. Suppose -2*x + 5*c = -5, 0*x - 2*x + c = 7. Calculate h(x).
-1
Let p(s) = s. Let f be p(-5). Let z(c) = 5*c + 6. Calculate z(f).
-19
Let o be 24/9 - 8/12. Let n(f) = o - 4 + 0*f + 4*f. What is n(2)?
6
Suppose -8*y + 36 = -12. Let l(d) = 0*d**3 + 2*d**3 + 5 - 2*d - 4*d - 5*d**2 - d**3. Calculate l(y).
5
Let c(f) = 4*f**2 - 8*f + 7. Let g be c(1). Let j(h) = h**3 - 3*h**2 + 2*h. Give j(g).
6
Let n(k) be the third derivative of -k**5/60 + 7*k**4/24 + 2*k**3/3 + 9*k**2. What is n(4)?
16
Let i(y) = y**2 - 12*y + 4. Let k(x) = x**3 + 5*x**2 + x - 1. Let d be k(-4). Let p be i(d). Let a(m) = m**3 + 8*m**2 + 6*m - 8. Determine a(p).
-1
Let b(v) be the third derivative of v**4/24 - 2*v**3/3 + 16*v**2. What is b(-7)?
-11
Let s(f) be the second derivative of -1/20*f**5 + 2/3*f**3 - f + 0 - 5/2*f**2 - 1/3*f**4. Let p be (-2)/(-4)*(1 - 7) - 2. Calculate s(p).
0
Let o(d) = -d - 6. Suppose -2*x - 1 - 11 = 0. What is o(x)?
0
Let m(n) = n**3 - 2*n**2 - 2. Suppose 9 = 4*f + 3*h - 5, -2*h + 4 = 0. Calculate m(f).
-2
Let y(t) = -t**2 - 4*t - 4. Let m(w) = -w + 6. Let k be m(6). Suppose k = -5*b + 2*i - 13, 0 = -7*i + 2*i - 5. Let u = 0 + b. Give y(u).
-1
Let f(w) = w**2 + 5*w. Let z be ((252/(-8))/7)/(3/4). Give f(z).
6
Let j(w) = w**3 + 2*w + 2*w + 0*w**2 - 2*w**2 + 7*w**2. What is j(-4)?
0
Let x be (-2)/9 + (-104)/18. Suppose 11 = 3*b - 4*b. Let c = b - x. Let p(i) = -i**2 - 8*i - 7. Calculate p(c).
8
Let q(u) = -2*u**2 - 5*u + 1. Let p(t) = -t**2 - 3*t + 1. Let s be -9*(15/9)/5. Let z(c) = s*q(c) + 5*p(c). Determine z(0).
2
Suppose 4*l + 25 = 9. Let i(c) = c. Calculate i(l).
-4
Let f(o) = -o**2 + 3*o + 1. Suppose -5*i + 10 = 6*h - 3*h, 5*h + 15 = -2*i. Determine f(i).
-9
Let c(r) = -r**3 + 3*r**2 - 3*r - 1. Suppose -8*i = -11*i + 9. Determine c(i).
-10
Suppose -2 = 2*n - 6. Let y(b) = -1 - n*b - 2*b + 2*b. Let v be y(-3). Let k(d) = d**2 - 5*d - 4. Determine k(v).
-4
Let b(r) = r**3 - 2*r**2 + r. Let m be ((-15)/35)/(1/(-7)). What is b(m)?
12
Let i be 0/(2*4/(-8)). Let x be 3 + -7 + i + -2. Let t(p) = -p**2 - 7*p - 2. Determine t(x).
4
Let b(w) be the second derivative of -w**7/840 - 7*w**6/360 - w**5/20 + w**4/4 - w**3/2 - 3*w. Let x(y) be the second derivative of b(y). Calculate x(-6).
6
Let y(f) = 6*f**2 - f - 2. Let g(c) = -7*c**2 + 2*c + 1. Let v = -11 + 16. Let t(i) = v*g(i) + 6*y(i). Calculate t(-5).
-2
Let z(m) = -5*m**2 - 2*m - 1. Let y be z(-1). Let l(f) be the third derivative of 0 + 0*f + 0*f**4 + 2*f**2 - 1/15*f**5 - 1/120*f**6 + 2/3*f**3. Calculate l(y).
4
Let r = -1 - -2. Let s(h) = 6*h**3 - h**2. Calculate s(r).
5
Let u(v) = -5*v - 3. Let l(w) = -4*w - 2. Suppose 0 = i - 6*i + 15. Let n(k) = i*u(k) - 4*l(k). Calculate n(-4).
-5
Let j = 2 + 3. Let v(t) = 7*t**3 - 5*t**2 - 7*t + 9. Let q(z) = -z**3 + z - 1. Let l(d) = -6*q(d) - v(d). Give l(j).
2
Let f(b) = 8*b**2 - 5*b - 8. Let x(c) = 7*c**2 - 5*c - 7. Let u(q) = 6*f(q) - 7*x(q). Let o be u(4). Let j = 3 - o. Let p(k) = k**2 - 3*k - 3. Determine p(j).
7
Let q(r) be the third derivative of -r**6/20 + r**3/6 - 10*r**2. What is q(-1)?
7
Suppose -3*r = q + 5 - 3, -5*r - 5*q = 0. Let w(p) = 2 + 10*p**2 - 3 + 0. Let c(f) = -20*f**2 + 2. Let o(l) = -2*c(l) - 5*w(l). Calculate o(r).
-9
Suppose -18 = f - 0*r + 2*r, 2*f + 2*r = -38. Let h be (1/2)/((-2)/f). Let b(o) = o**2 - 5*o + 1. Determine b(h).
1
Let y(f) be the second derivative of f**3/6 - 4*f**2 - 16*f. Let n(p) = p**3 + 4*p**2 + 3*p + 4. Let x be n(-3). Determine y(x).
-4
Let l be (6/12)/((-2)/(-36)). Let n(a) = -2 + 0*a - a - l. Give n(-5).
-6
Let d(n) be the second derivative of -2/3*n**3 + 1/12*n**4 + 1/2*n**2 + 4*n + 0. Give d(4).
1
Let g(x) = x**2 + x - 5. Let c(w) = -w**3 + 8*w**2 + 9*w - 5. Let m be c(9). Let z be 1 + -4 + m/5. Give g(z).
7
Let y(z) = -2*z**3 + 5*z**2 + 8*z - 5. Let t(a) = a**3 - 5*a**2 - 7*a + 4. Let d(r) = -3*t(r) - 2*y(r). Calculate d(-4).
-6
Suppose 91 = 6*l + 7*l. Let f(z) = z**2 - 7*z + 2. Give f(l).
2
Let t(j) = -4*j**2 + j - 2. Let w be t(-2). Let v be 6/10 - (-92)/w. Let q(i) = i**2 + 3*i + 4. Give q(v).
8
Let g(b) be the first derivative of -b**4/2 + b**3/3 - b**2 + b - 3. Calculate g(1).
-2
Let c(u) = -3*u. Let w be 4/(-18) + 141/27. Suppose 33 = 3*z + 3*d, 2*z + w*d - 24 = d. Suppose -2*a - 3*a = z. Give c(a).
6
Let f(b) = 2*b**3 + 13*b**2 + 14*b. Let i(x) = x**3 + 7*x**2 + 8*x. Let t(g) = -3*f(g) + 5*i(g). What is t(-4)?
8
Suppose 0 = -5*x + 24 - 9. Let o(a) be the third derivative of -2*a**2 + 1/120*a**6 + 0 - 1/15*a**5 + 1/2*a**x + 1/12*a**4 + 0*a. Give o(3).
0
Let d(k) = -4671 - 8*k - 8*k**2 + 0*k**3 + 4667 + k**3. Give d(9).
5
Let n(u) = 2*u**3 + 0*u - u**3 - 2*u + 3*u**2. Suppose 0 = 5*c + 5 + 10. Calculate n(c).
6
Suppose -5*m - 1 = 4*n, 2*m + 0 = -2. Let t(y) = -n + 6*y + 3 + 0 + y. Let r(c) = 6*c + 3. Let i(u) = 6*r(u) - 5*t(u). Calculate i(-5).
3
Suppose -4*g = -8, 2*m - g + 2*g = -10. Let z = m - -2. Let l(w) = w**2 + 2*w - 2. What is l(z)?
6
Suppose 4*o = 0, -o + 53 = 4*r - 7. Let t(p) = -3*p + 2. Let l(g) = 20*g - 15. Let h(q) = r*t(q) + 2*l(q). Suppose -6*m = -m + 5. Give h(m).
5
Let n(p) = 2*p**2 + 2*p - 2. Let g be n(-2). Let v(y) = -3*y**2 + 2*y - 1. What is v(g)?
-9
Let k(i) be the second derivative of 1/20*i**5 - 1/3*i**4 - 7/6*i**3 + 3*i**2 + i + 0. Suppose 1 = -h + 6. Calculate k(h).
-4
Let z(p) = -p**3 - p**2 - 3*p - 3. Let k(s) = -s**3 + 3*s**2 - 2. Suppose -4*a + 20 - 8 = 0. Let o be k(a). Determine z(o).
7
Let o(x) = x**3 - 10*x**2 - 12*x + 9. Let f be o(11). Let r be -2 - f - (2 + 0). Let t(g) = -3*g - 1. Give t(r).
5
Let a(c) = -c**3 - 5*c**2 - 9*c - 7. Let n(r) = -r - 1. Let m(q) = a(q) - 3*n(q)